a). Calculate u(b).
-5
Let o(r) = 12*r**2 + 7*r + 5 - 11*r**2 + 0*r**2 + 3*r. Let l(c) = -2*c**3 + 59*c**2 + 31*c - 41. Let n be l(30). What is o(n)?
16
Let w(r) = -69*r - 266. Let m be w(-4). Let u(c) = -c**2 + 8*c - 6. What is u(m)?
-26
Let g(s) = -4 - 10 - 14 - 12 - 6*s + 46. Let x be (-4)/(-3) - (-75)/45. What is g(x)?
-12
Let l = 3495 + -3455. Suppose -3 = z + 4*a - 28, 80 = 2*z + 2*a. Let o = l - z. Let g(f) = -f - 3. Calculate g(o).
2
Let s(k) = 104*k + 71. Let z(y) = -191*y - 142. Let a(t) = 11*s(t) + 6*z(t). Give a(-30).
-11
Let s(w) = 9*w**3 - 3*w + 73*w**2 + 76*w**2 - 153*w**2 + 1 - 10*w**3 + 7*w. Calculate s(-5).
6
Let a(y) be the first derivative of y**2/2 + 18*y + 16. Let u(b) = -5*b**2 + 21*b + 6. Let l be u(5). Calculate a(l).
4
Let p(x) = x**3 + 5*x**2 - 4. Let g(u) = -3*u**3 - 15*u**2 + 13. Let q(j) = -2*g(j) - 7*p(j). Let h be q(-5). Let w(c) = -1 - 2 + h*c + 4 + 5*c. What is w(-1)?
-6
Let u(v) = 3*v**2 + 7*v - 2. Let o(k) = -2*k**2 - 5*k + 1. Let b = 758 + -762. Let f(x) = b*o(x) - 3*u(x). Calculate f(-4).
-10
Let w = 24 - 31. Let f(v) = 7*v**2 + 7*v. Suppose -34 = 11*j - 1. Let t(s) = 4*s**2 + 3*s. Let r(q) = j*f(q) + 5*t(q). Calculate r(w).
-7
Let j(k) = 9*k + k**3 + 5*k**2 - 9*k + 1 - 2 - 8*k. Let d be j(-6). Suppose -d*a - 1 = -12*a. Let v(l) = -9*l**3 + l**2 - 1. What is v(a)?
-9
Let s(d) = d**2 - 12*d + 2. Suppose u - 2*k = 11, 4*u + 2*k - 5 = 9. Suppose -47 = u*o - 107. Determine s(o).
2
Let p be 105/9*(-276)/322. Let s(x) = -7*x - 25. What is s(p)?
45
Let c(j) be the second derivative of j**5/20 - j**4/12 + j**3/3 + 69*j**2/2 + 2064*j. Calculate c(0).
69
Let d(k) = -58 - 193*k - 158*k + 358*k. What is d(7)?
-9
Suppose -s - 1 = -g, 5*s = 12*g - 10*g - 2. Suppose s = 2*q + 2 - 14. Let w(p) = 15*p**2 - q*p - 6*p + p**3 + 2 - 25*p**2. What is w(11)?
-9
Let s(o) be the third derivative of -o**6/120 + o**5/12 + o**4/8 + o**3/3 - o**2. Suppose 5*k = u - 6, -3*u + 9*k + 18 = 7*k. Calculate s(u).
-16
Let r(d) = 4*d**2 - 10*d - 8 + 1 - 5*d**2. Let h = -39942 + 39933. What is r(h)?
2
Let l be ((-54)/(-6) - 1) + 9. Suppose -23*f = 5*k - 21*f + l, 0 = 2*k + 3*f + 9. Let v(o) = -3 - 3*o + o + 3*o. Determine v(k).
-6
Let u(m) = 13*m - 9. Suppose -6 = -12*g + 6. Let d be u(g). Let f(b) = -2*b + d*b**2 + 1 + b**2 - 7*b**2 + 2. What is f(-3)?
-9
Let r(s) = -s**2 - 5*s. Suppose x + 4 = 7*t - 2*t, -4*t + 96 = 5*x. Let l(f) = 2*f - 23. Let m be l(x). Let q = 4 - m. Calculate r(q).
0
Let h(x) = 4*x + 2. Let u be (0 + 8/(-10))/(8/(-20)). Suppose 11*s - 9*s - 12 = u*m, 14 = 4*s - 2*m. Calculate h(s).
6
Suppose 5 = 2*q + 3, -5*m + 5*q + 15 = 0. Let r(k) = -k + 12 - 27 + m + 8. Determine r(0).
-3
Let n(k) = -2*k + 5760 - 11519 + 5758. Let w be (2 - -1 - 0)*1. Let t = w - -1. Determine n(t).
-9
Let d = -5 - -2. Let v be d*(-2 - 0/(-2)). Let i(x) be the first derivative of x**3/3 - 3*x**2 + 6*x - 47773. Give i(v).
6
Let g(z) = 9*z**3 - 11*z**2 - 9*z + 5. Let x = -340 + 337. Let m(k) = 4*k**3 - 5*k**2 - 4*k + 2. Let d(s) = x*g(s) + 7*m(s). Determine d(2).
-3
Let k be (-75)/11 - 4/22. Let a = -7 - k. Suppose a = 11*u - 9*u - 10. Let l(v) = v**3 - 5*v**2 + 3*v - 7. What is l(u)?
8
Let k = 4014 - 4032. Let w(n) = -n - 22. Calculate w(k).
-4
Let a(p) = p + 7. Let v = -230 - -79. Let y = v - -144. Determine a(y).
0
Let j(x) = 13 - 40*x + 2*x**2 + 42*x - 11 - 1. Give j(4).
41
Let h(i) be the second derivative of -i**4/12 + 7*i**3/6 + 8*i**2 + 304*i + 1. Calculate h(9).
-2
Suppose p = 3*y - 32, -y + 2*p - 6 = -2*y. Suppose -122*w = -68 - 176. Let t(v) = -22*v**2 + 10*v + y*v**w - 10 + 11*v**2. What is t(8)?
6
Let v(f) = -f**2 + 4*f. Suppose 2*i = 3*n - 114, -3*i + 2 + 47 = n. Suppose n = h + 7*h. Calculate v(h).
-5
Let s(d) = -2. Suppose -6*j + 3*j = 4*y - 1, 3*j + 5 = 2*y. Let c(p) = p + 11. Let f(o) = j*c(o) - 2*s(o). Give f(-4).
-3
Let l(n) = 0*n + 18 + 12*n + n - 7*n - n. Let r(k) = 2*k + 4. Let d be r(-4). Let y(x) = -6*x - 19. Let t(i) = d*y(i) - 5*l(i). What is t(-9)?
-5
Let x(y) = -y**3 + 5*y**2 - 2*y + 4. Let i(k) = -8*k + 37. Suppose 25 - 9 = 4*m. Let a be i(m). Give x(a).
-6
Let w(u) be the third derivative of -u**4/2 + 17*u**3/3 - 122*u**2 + 3*u. Calculate w(4).
-14
Let h(a) = -4*a**2 - 3*a - 20. Let j(n) = 2*n**2 + n + 4. Let t(b) = -h(b) - 4*j(b). Give t(0).
4
Let a be (-15)/(-2)*2/3. Let g(q) be the second derivative of q**5/20 - 7*q**4/12 + 4*q**3/3 - 5*q**2/2 - 13156*q. What is g(a)?
-15
Suppose 0 = 2*r - i - 3*i + 106, r + i = -44. Let n = 50 + r. Suppose 6 + 6 = n*g, -2*a - 12 = -4*g. Let v(q) = 7*q - 3. Determine v(a).
11
Suppose -2*j + 6*j - 5*w = 16, 0 = 4*w. Let p(t) = -t**3 + 7*t**2 + 5*t - 1. Let x(k) = 6*k**3 - 36*k**2 - 27*k + 6. Let b(v) = j*x(v) + 21*p(v). Give b(2).
33
Suppose 4*m + 3*a = -19, 5*m - m = -4*a - 16. Let i(l) = -424*l + 416*l + 7 + 3*l**2 - 4*l**2. Calculate i(m).
14
Let u(g) = g**2 + 4*g - 6. Suppose 6*c - 26 - 16 = 0. Suppose 16*z = c*z - 1206. Let x = z - -128. What is u(x)?
6
Let q = 30 + -18. Let j(a) be the first derivative of -a**4/4 + 4*a**3 + a**2/2 + 3*a + 184. Determine j(q).
15
Let r(p) = 11*p**2 - 1. Let x be r(-1). Suppose -4*h + 4*c = -7*h - x, 0 = h - 2*c - 10. Let l(a) = 11*a**2 - 2*a**2 - 3*a**h + a + 9*a**2. Determine l(1).
16
Let p(f) be the first derivative of -1/12*f**4 + 5/2*f**2 + 2 + 6*f - 5/6*f**3. Let w(g) be the first derivative of p(g). Determine w(-7).
-9
Suppose -10*s + 895 = 725. Let o(y) = -y + 8. Calculate o(s).
-9
Let p(m) = 2*m - 3. Let s(r) = r**2 + 32*r + 35. Let v be s(-31). Let o(w) = -w + 7. Let u be o(v). Give p(u).
3
Let t(p) be the third derivative of p**5/30 + 5*p**4/12 - p**3/3 - 1123*p**2. Determine t(-7).
26
Let q(i) = -4*i - 2*i + i**2 + 9*i**3 + 5*i + 2*i. Let n(y) = 191*y + 28458. Let j be n(-149). Give q(j).
-9
Let z = 553 + -550. Let l(b) = 47 - 138 - 9*b + 48 + 42 + b**z + 9*b**2. Give l(-10).
-11
Let f(z) be the first derivative of z**4/4 + 10*z**3/3 + 7*z**2 + 6*z - 1. Suppose 9*b + 90 = -4*m, 46 = -m - 5*b + 7. Give f(m).
-39
Let x be (-4 + 1)/((-6)/4). Let j(i) = 1 - 5*i + i + 5*i + i**x - 5. Let u be 263 - 253 - (12 + 1). Calculate j(u).
2
Let o(s) = -s**2 + 7*s - 4. Let c(h) = h**2 - h - 16. Let b = 27 - 22. Let n be c(b). Let l be o(n). Let r(q) = q**3 - 8*q**2 - 2. Calculate r(l).
-2
Let d(a) = -4144*a**2 + 4*a**3 + 7 + 4152*a**2 - 3*a**3 - 3*a. Give d(-7).
77
Let w(b) be the third derivative of 0*b**4 + 0*b + 1/20*b**5 + 0 + 1/3*b**3 - 6*b**2. Let m = 28 + -26. Give w(m).
14
Let c be 4/4 - 4*(-7 + 6). Suppose m = -3*j + 10 + 11, j - c = 0. Let s(q) = -5*q + 2. Calculate s(m).
-28
Let z(h) = -18*h**3 + 173*h**2 - 99*h. Let a be z(9). Let i(m) be the second derivative of a + 13*m - 1/12*m**4 + 0*m**3 + 0*m**2. What is i(-2)?
-4
Let p = 281 + -278. Suppose -3*s + 21 = 2*m, 0 = m - p*m + 5*s - 3. Let h(y) = y**3 - 6*y**2 + 7. Calculate h(m).
7
Suppose -4*c = 2*y + 28, 5*y - 4*c - 13 = 15. Let t(s) be the second derivative of -1/6*s**3 + y - 13*s - 2*s**2. Determine t(-7).
3
Let z be (-2 + 90/50)*0/2. Suppose z = -16*c - 51 - 61. Let o(y) = -y**2 - 6*y - 10. Calculate o(c).
-17
Let g = 146 + 103. Suppose 0*n = 4*n - 3*j - 976, n - 2*j - g = 0. Let u(t) = 241 - n - 2*t**2 + 3*t. Calculate u(2).
-2
Let k = 1175 - 1184. Let i(v) = -2*v - 4*v + 7 - 16. Calculate i(k).
45
Let d(y) be the third derivative of -y**4/24 + 7*y**3/3 + 677*y**2 + 7. Let r = -13 + 23. Give d(r).
4
Let d(y) = y**3 - 12*y**2 + 13*y - 6. Let g = -5147 - -5158. Calculate d(g).
16
Let b(w) = -3*w - 1. Let j be 1/1 - 24/1. Let a be ((-2)/(-11) + j/(-55))*5. Suppose 18 = a*f + 15. What is b(f)?
-4
Let s(f) = 11*f - 48. Suppose 2*o + 2*w = 2, 4*o = 16*w - 17*w + 19. What is s(o)?
18
Let s(b) = 5*b + 2. Let a(u) = -9*u - 3. Let d(g) = 4*a(g) + 7*s(g). Let x = -166 - -381. Let l = x + -217. What is d(l)?
4
Let v(s) be the third derivative of s**4/24 - s**3/6 + 106*s**2. Let q be (-3)/(-12) - (-38)/8. Suppose 0 = 4*k - 5*i + 15, q*i = k + 4*k + 20. What is v(k)?
-6
Let l(f) = f**2 - 21*f - 71. Suppose -660*j + 10608 = -218*j. Calculate l(j).
1
Let f(v) be the second derivative of 1/12*v**4 + 1 + 3*v**2 - 5/2*v**3 + 37*v. Calculate f(15).
6
Let t(s) be the third derivative of s**5/20 + s**4/24 + s**3/2 - 2501*s**2. Suppose 0 = -4*l + 6*l - 2*g + 16, -3*l - 2*g + 1 = 0. Determine t(l).
27